
Evaluate -3 - (-11 - -22 - 32).
18
-8 + -1 + (-311 - -295) + (-2 - 2)
-29
What is -2 + (6 - (-1 - 0)) + -25 - -3?
-17
Evaluate -16 + 6 + 10 + -14 + 10 + 15.
11
Evaluate -5 - 1 - -19 - (-6 + 7) - -2.
14
Calculate -6 + (14 - (-10 - -6 - -5) - 9).
-2
What is the value of 27 + 10 + 18 - 33?
22
What is the value of 18 - 2 - 30 - (-2 + -40)?
28
What is 5 - (-6 - -2) - (11 + -2 + -3)?
3
What is 12 + -22 + 18 - (3 + 1)?
4
What is the value of 34 + -26 + 8 + 11?
27
What is the value of -2 + (-1 + -1 - (4 - 8))?
0
-5 - 2 - (-15 + (3 - 4))
9
What is the value of -19 + 18 + (-7 - 0)?
-8
What is the value of 7 + (5 - (10 + 0 + -5 + 4))?
3
Calculate -2 - 7 - ((-18 - -49) + -25).
-15
What is the value of 2 + -4 - -4 - 6?
-4
Calculate 5 - (-2 - (4 + -4) - (-14 - -12)).
5
(-29 - -58) + -15 - 19
-5
-6 - (-160 - -167 - (1 + 1 + 1))
-10
Evaluate (59 - 55) + (-4 - (5 - -4)).
-9
What is the value of 0 - -44 - (-838 - -864)?
18
What is 0 + 12 + -31 + 78 + -39?
20
-163 + 149 + (10 - -1)
-3
What is the value of -78 + 89 - (16 + -1)?
-4
Calculate 39 + (-43 - (3 - 27)).
20
Evaluate 6 + (-10 - -16) + -12.
0
Evaluate (-36 - 44) + 71 - (23 - (1 + -2)).
-33
Evaluate (-28 - (-56 + 42)) + 20.
6
Evaluate -5 - (-6 - (-7 - -12 - 7)).
-1
Calculate (-5 - -1) + (-15 - (-12 + (-9 - -29))).
-27
(11 - -8) + 6 + 14 + -20
19
What is 3 + (-4 - 2) + (104 - 115)?
-14
Calculate 23 + 15 + -28 - 23 - 12.
-25
(1 - 6 - (1 + -4 - -7)) + 4
-5
Evaluate -5 - (-30 + 27) - 9.
-11
-2 + (4 - (-6 + 7 + 4 + 1))
-4
Calculate 31 + -13 - 4 - 26.
-12
Evaluate (10 - 1) + (-20 - -8) - 8.
-11
What is the value of 7 + (-12 - (-7 + (-2 - -4)))?
0
What is -9 - (2 + (7 - 1) + -5)?
-12
Evaluate -7 + 5 + 9 + 0 - 4.
3
What is 26 + (0 + 10 - 13 - 6) - 7?
10
Calculate (2 - 4) + (1 + -7 - -9).
1
What is the value of -33 + 1 + (6 - -3 - -5)?
-18
What is 2 - -1 - (24 - 31) - 12?
-2
-4 - -4 - ((-5 - -6 - -1) + 3)
-5
What is the value of 6 + 1 + -6 - -3 - 21?
-17
What is (37 - 15) + -15 + (12 - 0)?
19
Evaluate (-1 - 5) + -4 + -3 + 12.
-1
What is the value of (-2 - -3) + (15 - (27 - 24))?
13
What is the value of (1 + -9 - -3) + -5 + (0 - 0)?
-10
Calculate (-19 - (-14 + 11)) + 15.
-1
1 + 29 - ((-11 - -8) + 13)
20
Evaluate 0 + 3 + -16 + -33 + 40.
-6
Calculate (-25 - (8 - 22) - -10) + (-2 - -7).
4
-21 + 42 + (7 - 51)
-23
11 + 0 - (12 - -10 - 11)
0
What is the value of 2172 + -2192 + (-1 - 3)?
-24
What is the value of 1 + 4 + (20 + -20 - 8)?
-3
What is the value of -20 + (-3 - (-27 - -18))?
-14
Evaluate (19 - 20) + -30 + 30.
-1
Calculate 16 + (19 + (-2 - 14) - 4).
15
What is -42 + 45 + (1 - 2) - 6 - -15?
11
What is the value of (-24 - (-28 - -29)) + 23?
-2
What is the value of 4 - (1 + -26 + (-15 - -30))?
14
What is 5 - (4 - (1 - (-5 + 4))) - -8?
11
What is 15 + ((-15 - -6) + 16 - (8 + 2))?
12
Evaluate -3 + -4 + 16 + -18.
-9
Calculate (-8 - 0) + (-52 - -57) - -11.
8
Evaluate (-14 + 37 - 12) + -9.
2
What is -2 - 15 - -9 - 3?
-11
Evaluate (1 - (-2 - 1)) + -1 + 2.
5
-12 - (-4 + (-3 - 6) + 3) - 15
-17
Evaluate -2 + -18 + (67 - 59) + 2 + -9.
-19
(-8 - -15) + (14 - 9)
12
What is 12 - (12 + -26 - -13)?
13
Calculate -6 + (4 - ((35 - 10) + -12)) + 11.
-4
Calculate -2 + (-8 - (-3 - (-8 + 11) - 4)).
0
What is (1 - -1) + (-12 - -21 - 24)?
-13
What is -12 + 25 + -2 + 1 + -28?
-16
What is 4 - (2 + (15 - 7)) - -9?
3
Evaluate (2 - -6) + 7 + (16 - 7).
24
What is the value of -14 - (-25 + 6 + 3)?
2
Calculate 2 + (1 - 1 - 6 - (4 - 2)).
-6
What is the value of (0 - 27) + 28 + 2 + -25 + -5?
-27
Calculate -2 + (-5 + (3 - 5) - -4) + 6.
1
What is the value of 11 - (3 - (-6 + 3))?
5
Evaluate -22 + (25 - 40 - (-1 - 5 - 3)).
-28
What is the value of 9 + -22 + (10 - (-2 + 9))?
-10
What is -5 - (8 + (-17 - -7))?
-3
Calculate -11 + (11 - 7) + -17 + 17.
-7
What is the value of (-11 - -38) + -23 + -11?
-7
What is 91 + -95 + (1 - (1 - 0))?
-4
Evaluate -24 - (-9 - (23 - 18)).
-10
What is the value of -37 - (23 + -85) - (-4 - (-13 + -3))?
13
(28 - 4) + 1 + -5
20
Evaluate -5 + -1 + (22 - (5 + 6)) - 6.
-1
Calculate -29 + (-17 + 5 - -13).
-28
What is the value of (21 - (40 + -24)) + -9?
-4
Calculate -3 - 3 - (6 - -2).
-14
38 + -9 + -21 - (-3 + (3 - -7))
1
-9 - (8 - 5 - 16)
4
Calculate -5 - (19 - (17 - -21)).
14
What is the value of 0 + -1 - 0 - -19 - (-20899 - -20890)?
27
What is the value of (-7 + 5 - -7) + -14 + 1?
-8
What is the value of -1 - -7 - -4 - (-3 - -9 - 9)?
13
What is the value of (-15 - -29) + (-5 - 3) + 9 + 7?
22
What is the value of -17 + -6 + 7 - -31?
15
What is (8 - -4) + (11 - 29 - -13) + 2?
9
(8 - 2) + -4 - (-3 - 7)
12
What is the value of 0 + 5 + -11 + 5 + 7?
6
-10 + (7 - 0) + (-4 - 3)
-10
What is (9 - 15) + (0 - (-22 + 13))?
3
What is the value of (-10 + 43 - 5) + 0?
28
What is the value of 15 + (-12 - 0 - 7)?
-4
What is the value of 14 + -12 + 0 + 3?
5
What is the value of 5 - (29 - (-2 + 12))?
-14
Evaluate 2 - (0 + 1) - -3.
4
Evaluate 75 + -71 + (-2 + 4 - 3).
3
(-312 - -308) + (0 - -24) + -1
19
-5 + 0 + 11 - (-1 + -1 + 1)
7
Evaluate -4 + 2 + (7 + (-13 - -10) - 5).
-3
Evaluate -30 + (-2 + 40 - 13).
-5
-5 + -60 + 58 + (2 + 1 - 2)
-6
Evaluate 16 - (-26 + 8 + 38).
-4
What is 10 - (4 - (4 + -14 + -9))?
-13
10 - (0 + 7 + 1 + -15)
17
Calculate -27 + 25 + -48 + 44.
-6
-28 + (-31 - -7) + 52
0
-10 - 3 - 3 - (-3 + -1 + 3)
-15
What is 2 + (-6 - -20) + -3 + -2 + -2?
9
What is the value of (0 - -4) + -2 + (2 - 6) + 4?
2
9 + -24 + 2 - 3
-16
Calculate 13 - (-12 - (-19 + 9) - -31).
-16
Evaluate -1 + 5 + -11 + 0 + 0 + -3.
-10
Calculate -22 - (-1 + -10 + -391 + 391).
-11
What is the value of (-2 - 5) + 14 - (10 - (2 + 2))?
1
Calculate 5 + -12 + 2 - -9.
4
What is (38 - 18 - 48) + 34?
6
Calculate -27 + (76 - 24) - (13 + 4).
8
-12 + 9 + 1 - (-7 - -2)
3
Calculate -2 - (14 - (7 - -2)).
-7
Calculate (-24 - (0 - -2) - -3) + (35 - 28).
-16
What is the value of -1077 - -1067 - (-1 + (-2 - 2))?
-5
What is the value of 8 - (24 + -25) - (-1 + -1)?
11
What is -43 + 15 - (-31 - -19)?
-16
Evaluate 0 + 6 + (152 - 149) + -31 - 8.
-30
What is 3 + -3 + 29 - (-426 + 436)?
19
Evaluate (3 - 7 - 0) + (-561 - -578).
13
What is the value of (0 - -26) + 0 + (5 - 17)?
14
What is 16 - ((7 - -3 - 3) + -5)?
14
What is the value of (32 - 29) + -13 - -30?
20
0 + (14 - 0) - (117 - 82)
-21
What is (0 + -6 - (-25 + 7)) + -15?
-3
-12 - -10 - (-10 + -3 + (-3 - -1))
13
Evaluate 0 - -6 - (21 + -19 - -6).
-2
What is 9 + -655 + 638 + 1 + (0 - -11)?
4
(15 - -23) + -15 - ((-1 - -4) + -9)
29
Evaluate 30 - 28 - (-4 + 3 - (-2 - 3)).
-2
What is the value of (14 - -15) + 3 + -46?
-14
What is the value of (-1 - (1 - 4)) + (-3 + 5 - 4)?
0
(-19 + 21 - 0) + 13 + -4
11
What is 4 + (9 - 14) + (-6 - (4 + -2))?
-9
Evaluate 26 + -24 + 0 + 0.
2
Evaluate 4 + -9 + (-12 - -11).
-6
Calculate 1 - -11 - (3 + 2) - 21.
-14
Evaluate (49 - 31) + -25 + 0 + (-3 - -1).
-9
Evaluate 3 + (2 - (-1 + -4 + 1)).
9
Calculate 20 - -2 - (-4 + 16).
10
Calculate -8 + (-6 - (-15 + 7 - -7)).
-13
Evaluate -13 + (-33 - -46) + 8.
8
Evaluate -5 + (-1 - (-9 + 5)).
-2
Evaluate -1 + -1 - (-11 - -11) - -13.
11
What is the value of 4 - (-26 - -35) - -26?
21
Evaluate (31 - 0) + 0 - (173 + -172) - 8.
22
(4 - 9) + 12 - (-16 + (2 - 0))
21
What is the value of -2 + -7 - -5 - -9 - 5 - 7?
-7
What is the value of -10 + (1 - (8 - -2) - -10 - -27)?
18
What is (1 - 2) + -3 + 12 + 0?
8
Evaluate (2 - 2) + 0 + (12 - 10) + 0.
2
Calculate 14 - 18 - ((-2 - -1) + 2).
-5
What is 14 - (-3 - -30) - -10 - (0 - 1)?
-2
-9 + 11 + -8 + 5
-1
(11 - 0) + (7 - (19 - (-4 - -22)))
17
What is the value of 27 - 32 - (-6 + -4) - -9?
14
Calculate 116 + -100 + -14 + -1.
1
Calculate (-7 - -2) + (8 - 4 - -15).
14
What is the value of (1 + -10 - 0) + (71 - (48 + 27))?
-13
What is the value of 1 + (6 - 9) - (36 + -50)?
12
What is the value of (-10 - (3 + -3 - 5)) + -2?
-7
What is the value of (3 - -1) + (-14 - (-15 + 4))?
1
What is 1 + -8 + (-5 - 17 - -11) + 20?
2
Evaluate 230 + -201 + (1 - 16).
14
What is the value of 1 + -12 + (214 - 212)?
-9
What is 7 - (5 - (1 - (-8 + 7)))?
4
Evaluate 4 - (1 - -2 - (36 - 37)).
0
What is the value of (-6 - (-6 + -7) - 1) + (-4 - 3)?
-1
Calculate (1 - (-1 - -2)) + 2 + -9 + -2.
-9
What is 179 + -163 - (1 + 0)?
15
-31 + (10 - (9 - 22))
-8
What is (1 - 6) + 4 + 12 + -1 + 0?
10
What is the value of (8 - 0 - 7) + (0 + 0 - 6)?
-5
7 - (19 + (-16 - -8)) - -6
2
